 170 + s. Let b(m) = m**3 - m**2 - 3*m. Determine b(a).
-27
Let m(x) = -x - 2. Suppose 7*k - 16 = 33. Suppose -34*w - 197 = k. Determine m(w).
4
Let v(z) = z + 101. Let g = -217 + 217. Determine v(g).
101
Let s(w) = -13*w + 2. Let m(h) = h**3 - 16*h**2 + 29*h - 13. Let l be (1080/(-26))/(-3) - (-4)/26. Let z be m(l). Give s(z).
-11
Let h(o) = -31*o**3 + o**2 + 19*o + 9. Let s(x) = 7*x**3 - 5*x - 3. Let y(r) = -2*h(r) - 9*s(r). Calculate y(-4).
13
Let j(o) = 275157*o + 12*o**3 - 7 - 9*o**2 - 11*o**3 - 275141*o. Give j(7).
7
Suppose -5*r + 1010 = 3*f, -5*f + 795 + 847 = -2*r. Let y = f - 236. Let h = y + -92. Let b(l) = -l. Determine b(h).
-2
Let v be 0/(6 - 2 - 3). Let j(x) = -8 - x + 13189*x**2 + 3*x - 13188*x**2 - 5*x**3 - x + 6*x**3. Determine j(v).
-8
Let q(i) = 531*i + 551. Let b be q(-1). Let t(p) = -p**2 + 19*p + 3. What is t(b)?
-17
Let k(o) = -o**2 - 2*o + 1. Let y(q) = -74*q + 4. Let p be y(-1). Suppose -l = -5*m - 203, 0*m + 2*m + p = 2*l. Let u = m - -43. Give k(u).
-7
Let k(j) be the second derivative of 10/3*j**3 - j - 4*j**2 - 19/12*j**4 + 0. Let b(c) = 7*c**2 - 7*c + 3. Let v(f) = 8*b(f) + 3*k(f). Calculate v(3).
3
Suppose 0 = -2*c - c, h + 6 = 4*c. Let k(a) be the third derivative of a**5/60 + 3*a**4/8 + a**3/6 - 2*a**2 + 8277*a. Give k(h).
-17
Let h(a) = 2*a**3 - 26*a**2 - 59*a + 8. Let c(v) = -5*v**3 + 75*v**2 + 181*v - 23. Let t(i) = 3*c(i) + 8*h(i). Calculate t(-10).
-15
Let h(o) = 139*o**2 + 5*o - 57*o**2 + 6 - 9 + 13 + 3*o - 81*o**2. Let r be (-14)/6*3/1. What is h(r)?
3
Let j be (6/4)/((-3)/(-152)). Suppose -i = d - 2, i - 51*d + 48*d - 18 = 0. Let w be i/9 + (j/12 - 3). Let n(r) = -r**2 + 5*r + 2. What is n(w)?
6
Let y be ((-20)/45)/(4/(-12) + 24/108). Let z(o) be the first derivative of -o**2/2 + 5*o + 1. Let u be z(y). Let f(g) = 14*g - 1. Give f(u).
13
Let y(r) = -38977*r**2 + 2 - 38977*r**2 + 6*r + 77962*r**2 + 0. Calculate y(-3).
56
Let a(z) = -1. Let h = -15 - -16. Let o(l) = -l**2 - l - 1. Let y(b) = h*o(b) - 6*a(b). Let i be (113 - 113)/(0 - -8). What is y(i)?
5
Suppose 965 = -82*y + 275*y. Let p(h) = h**2 - 7*h - 1. Determine p(y).
-11
Let c(v) = -v**2 + 7*v - 5. Let m be -2*(-6)/(-28) - (-3383)/119. Suppose 25*i = 21*i + m. Calculate c(i).
-5
Suppose -2*d - 56 = 2*d. Let x(j) = -j**2 - 12*j + 32. Let c be x(d). Suppose -23*a + c = -24*a. Let b(i) = -2*i - 4. Calculate b(a).
4
Let w(b) = -b - 37. Let h(s) = -22*s - 103. Let i(v) = h(v) - 2*w(v). Give i(-1).
-9
Let h(v) = v**3 - 7*v**2 - 7*v - 4. Suppose -143*m + 171 = -973. Give h(m).
4
Let q(j) be the first derivative of j**2/2 - 8*j - 1. Let u be -3 - 8/4*6/(-4). What is q(u)?
-8
Let m(q) be the second derivative of q**4/12 - 2*q**3/3 - 5*q**2/2 + q. Suppose 1 = 3*o + 5*w - 1, 4*o + 6 = 2*w. Let x be (-2 + 3 - 7)*o. Determine m(x).
7
Let o(n) = 5*n**3 - 17*n**2 + 8*n - 33. Let k(f) = -2*f**3 + 7*f**2 - 3*f + 12. Let s(q) = -8*k(q) - 3*o(q). Let h = -4 - -9. Give s(h).
3
Let k(o) = -3*o**3 + 6*o**2 - 34*o + 3. Let n(y) = y**3 + 9*y - 1. Let x(d) = k(d) + 4*n(d). Determine x(-2).
11
Let u = 72 + -69. Suppose -6*d - 36 = -10*d. Let h(f) = -f + d*f - u - 10*f. Determine h(-4).
5
Let w(k) = -19*k - 243. Let i(a) = 38*a + 484. Let z(v) = 3*i(v) + 7*w(v). Let u be z(-13). Let h(l) = -5*l**3 - 2*l**2 + 3*l + 2. Determine h(u).
28
Suppose 0 = 5*r + 3 - 8. Let w(k) = -1 + k**2 + 5*k - 3*k**2 - k**3 - k**2 + 0*k. Let u(s) = s**3 - s. Let m(h) = r*w(h) + 2*u(h). Calculate m(3).
8
Let d = -82 - -30. Let n = 53 + d. Let w(s) = 3*s**3 - 16*s**3 - 6 + 7. Give w(n).
-12
Let h(w) = w**2 + 34*w - 46. Let d(q) = -3*q**2 - 79*q + 93. Let f(t) = -2*d(t) - 5*h(t). Calculate f(8).
12
Suppose 0 = 5*z + 6 - 16. Suppose 3*c - 30 = -z*c - 5*l, 2 = l. Let g(d) = 1767 - 895 - 869 - 111*d + 110*d. Determine g(c).
-1
Let i = 336 + -398. Let w be (12/(-60))/(i/30 + 2). Let t(p) be the second derivative of -p**5/20 + p**4/3 - p**3/6 - 3*p**2/2 - p. Calculate t(w).
3
Let h(z) = -z**3 + 3*z**2 - 6*z + 8. Suppose 1532*v + 15 = 1537*v. Determine h(v).
-10
Let t be (3 + -1)/(-2 + 15/6). Let j(g) = -t*g**2 + 8*g**2 - g**3 + 6 + 11*g + 8*g**2 + 2*g**3. Determine j(-11).
6
Let t(o) = 2*o - 7. Let z(x) = -5*x + 60. Let u = 59 + -56. Let f = 14 - u. Let g be z(f). Calculate t(g).
3
Let n = 28 + -34. Let r(p) be the third derivative of 0*p - 1/3*p**4 + 1/6*p**3 - 1/60*p**5 + 0 - 4*p**2. Determine r(n).
13
Let f(y) be the third derivative of -y**5/60 - 37*y**4/24 - 143*y**3/6 + 5*y**2 + 1067*y. Give f(-32).
17
Let r(z) be the second derivative of -13/12*z**4 + 0 + 8*z + 1/2*z**2 - 1/6*z**3. Give r(1).
-13
Let m(r) = -41*r. Let h(w) = -8*w. Let a(j) = -11*h(j) + 2*m(j). Suppose 0 = -50*p - 15*p + 65. Give a(p).
6
Let f(y) be the first derivative of -y**3 - 11*y**2/2 + y + 4331. Give f(-3).
7
Let j(o) = 3*o - 1. Let x be ((-5)/5)/(1/6). Let z(c) = c. Let w(g) = x*j(g) + 17*z(g). What is w(6)?
0
Let w(t) = -t**3 + 15*t**2 - 26*t + 9. Suppose -58*o = -4*o + 27594. Let l = -498 - o. Give w(l).
9
Let i(u) = -u**2 + 6*u + 5. Let n(o) = 6*o + 25. Let x = 929 - 932. Let m be n(x). Calculate i(m).
-2
Let o(h) = -28*h**2 - 16*h + 3. Let n(t) = -11*t**2 - 7*t + 2. Let m(d) = -10*n(d) + 4*o(d). Give m(-4).
-64
Let o(y) be the second derivative of 0*y**3 - 1/12*y**4 + 0 - 82*y + 0*y**2. Give o(5).
-25
Suppose -110 + 160 = -25*c. Let h(u) = -6*u**2 + 3*u + 10. Calculate h(c).
-20
Let q(u) = -12*u - 69. Let g = 789 + -795. Give q(g).
3
Let f = 88 - 77. Let h be 1 + f + (19 - 25). Let j(b) = b**3 - 6*b**2 - b + 2. Determine j(h).
-4
Let g(f) = 16 + 80*f**2 - 15 - 35*f - 81*f**2 + 42. Give g(-36).
7
Let u(g) = 2163*g + 6 + 5*g**2 - 4664*g + 2485*g. Determine u(4).
22
Let n(z) = 4*z + 1. Let g = -268 + 269. Calculate n(g).
5
Let b(p) be the second derivative of -2 + 21*p + 6*p**2 + 1/3*p**3. What is b(-6)?
0
Let m(p) = -p**3 + 30*p**2 - p + 30. Let i be m(30). Let f(h) = h**2 + 2*h + 26. Calculate f(i).
26
Suppose 2*b + 10*l + 24 = 9*l, -3*l = -2*b. Let v(j) = -j**3 - 11*j**2 - 18*j + 5. What is v(b)?
5
Let f be (-4)/10 - (0 + 124/(-10)). Suppose f*g + 40 = 17*g. Suppose k = -3*k - g. Let v(s) = s**3 - 3*s - 1. Determine v(k).
-3
Let j(z) = 14*z + 4. Suppose 2*f = h + 9, -4*f + 604 = 2*h + 582. Calculate j(h).
18
Suppose a - 433 + 428 = 0. Let l(f) = -32*f**2 + 16*f. Let z(g) = -14*g**2 + 8*g - 1. Let p(i) = -3*l(i) + 7*z(i). Calculate p(a).
-17
Let g = 1398 - 1385. Let v = -1 + 1. Let t(n) = 4*n + g*n**2 - 5 - 10*n**2 + v - 4*n**2. Determine t(5).
-10
Let v(j) = 10*j + 5*j**3 - 4*j**3 - 1078048 - 7*j**2 + 1078045. Determine v(6).
21
Let q(s) be the third derivative of -s**8/20160 - s**7/840 - s**6/144 + 121*s**5/30 - 189*s**2 - 1. Let w(u) be the third derivative of q(u). Give w(-7).
-12
Suppose 0 = 5*w - 5*o - 20, 5*w - 67*o + 20 = -72*o. Let x(p) = -p**2 - 5*p - 33. Let c(h) = -h**2 - 6*h - 33. Let q(f) = -4*c(f) + 5*x(f). What is q(w)?
-33
Let o(k) = -k**3 - 1 + 48*k - 47*k - 1. Suppose -69 + 63 = 3*v. Let c = -2 - v. Determine o(c).
-2
Suppose -52*h + 49*h + 171 = 0. Suppose -2*t - i = -6*i - h, -2*i - 90 = -4*t. Suppose 0 = t*o - 28*o - 21. Let v(d) = -d - 2. Give v(o).
1
Let q(h) = -h**3 - 8*h**2 + 9*h + 7. Suppose -4*n = -86 - 198. Suppose 139 + n = -5*v. Let p = v - -33. What is q(p)?
7
Let r(t) = 28*t - 53*t + 30*t + 3. Let x(a) = -26*a - 162. Let k be x(-6). What is r(k)?
-27
Suppose -4*v = j - 0*j - 8, 0 = -3*j - 2*v + 14. Let u(k) = -5*k**3 - 11*k**2 + k - 3. Let s(c) = c**3 + 2*c**2 + 1. Let i(w) = j*s(w) + u(w). Give i(-2).
-5
Let p = 657 + -344. Let v = 310 - p. Let x(l) = 2*l + 2. Determine x(v).
-4
Let k(c) = -2 + 1 - 3 + 1 + c + 0. Let h = -5 + 11. Give k(h).
3
Let g(o) = -10*o - 14. Let x(s) = 22*s + 28. Let r(j) = 5*g(j) + 2*x(j). Let u(w) = w. Let l(m) = -r(m) - 5*u(m). Let i = -3 + 3. Determine l(i).
14
Let s(i) = 2*i**2 + 3*i - 4. Let x be 1 - (-30)/(-26) - 4/(-26). Suppose x = -6*b - 9 + 39. Suppose 3*g - 6 = 2*f, 2*f + b*g = f - 3. Give s(f).
5
Suppose -44 = -5*t - 2*n, -3*t - 4*n + 97 = 65. Let h(v) be the first derivative of 1/3*v**3 + 5*v + 1 - 9/2*v**2. Determine h(t).
-3
Let q(p) = -7*p - 12. Let d be q(-2). Suppose -d*y - 20 = 4. Let j(t) = -t**2 - 10*t + 21. Let f be j(y). Let g(m) = -m + 1. Give g(f).
4
Let s(l) = 18*l. Let d be -2 + (-7)/((-3)/(-72)*-3). Let o = -55 + d. Let n be (-1